e hundreds digit of 47923688?
6
What is the ten thousands digit of 329705692?
0
What is the ten thousands digit of 3132770427?
7
What is the units digit of 147808530?
0
What is the units digit of 6670789?
9
What is the thousands digit of 655307889?
7
What is the billions digit of 4665900012?
4
What is the tens digit of 879997749?
4
What is the hundred thousands digit of 243746719?
7
What is the hundreds digit of 494145286?
2
What is the thousands digit of 2032933901?
3
What is the billions digit of 1754027340?
1
What is the ten thousands digit of 24718204?
1
What is the thousands digit of 163279991?
9
What is the ten millions digit of 18795648?
1
What is the tens digit of 1145546453?
5
What is the hundred thousands digit of 2156712027?
7
What is the hundreds digit of 200204810?
8
What is the millions digit of 24987796?
4
What is the hundred thousands digit of 298945545?
9
What is the tens digit of 208094560?
6
What is the hundred thousands digit of 78286416?
2
What is the thousands digit of 342075276?
5
What is the tens digit of 169755547?
4
What is the hundred thousands digit of 31769559?
7
What is the ten millions digit of 801501825?
0
What is the tens digit of 231862410?
1
What is the hundreds digit of 7934463677?
6
What is the tens digit of 130904877?
7
What is the hundreds digit of 7783692875?
8
What is the hundred millions digit of 309781181?
3
What is the hundred thousands digit of 92237390?
2
What is the millions digit of 2550798298?
0
What is the tens digit of 16554995?
9
What is the hundreds digit of 1969448297?
2
What is the hundred millions digit of 2283024584?
2
What is the tens digit of 95409137?
3
What is the thousands digit of 2255111748?
1
What is the tens digit of 131584772?
7
What is the hundred thousands digit of 5843419539?
4
What is the thousands digit of 40505050?
5
What is the thousands digit of 129912794?
2
What is the ten thousands digit of 614318058?
1
What is the hundreds digit of 3293499439?
4
What is the units digit of 1192708306?
6
What is the hundred thousands digit of 1988320846?
3
What is the thousands digit of 162501739?
1
What is the thousands digit of 41722691?
2
What is the thousands digit of 27205427?
5
What is the hundred thousands digit of 1743005751?
0
What is the hundred millions digit of 3338167453?
3
What is the hundred thousands digit of 2944269175?
2
What is the tens digit of 6866382?
8
What is the thousands digit of 15580620?
0
What is the billions digit of 1166642987?
1
What is the hundreds digit of 1288195178?
1
What is the units digit of 1247222529?
9
What is the tens digit of 41713847?
4
What is the ten millions digit of 57732913?
5
What is the hundred thousands digit of 830190359?
1
What is the millions digit of 604963166?
4
What is the thousands digit of 95253548?
3
What is the ten thousands digit of 142896146?
9
What is the ten millions digit of 80166340?
8
What is the hundred thousands digit of 1182020731?
0
What is the ten thousands digit of 43054838?
5
What is the units digit of 202943811?
1
What is the hundred millions digit of 444721505?
4
What is the millions digit of 52970307?
2
What is the millions digit of 764052865?
4
What is the units digit of 293479932?
2
What is the units digit of 18639810?
0
What is the ten millions digit of 11511533?
1
What is the thousands digit of 958900328?
0
What is the hundred millions digit of 117960161?
1
What is the tens digit of 2645031628?
2
What is the hundred thousands digit of 366927364?
9
What is the units digit of 126141153?
3
What is the hundred millions digit of 2026027821?
0
What is the billions digit of 2066690085?
2
What is the hundred millions digit of 311713616?
3
What is the tens digit of 329111474?
7
What is the ten millions digit of 160969258?
6
What is the ten millions digit of 205635753?
0
What is the millions digit of 867124699?
7
What is the thousands digit of 1450562965?
2
What is the hundred thousands digit of 2428231626?
2
What is the thousands digit of 415588661?
8
What is the hundred thousands digit of 52278359?
2
What is the billions digit of 1177660856?
1
What is the thousands digit of 13233947?
3
What is the millions digit of 3497867227?
7
What is the hundred thousands digit of 201007324?
0
What is the units digit of 42385047?
7
What is the ten millions digit of 101812662?
0
What is the hundred millions digit of 1903481493?
9
What is the hundreds digit of 160783011?
0
What is the hundreds digit of 13238201?
2
What is the thousands digit of 930283584?
3
What is the thousands digit of 509574474?
4
What is the ten millions digit of 548945896?
4
What is the ten thousands digit of 29858737?
5
What is the ten thousands digit of 1062003162?
0
What is the thousands digit of 489071011?
1
What is the ten thousands digit of 18624282?
2
What is the hundred thousands digit of 206814712?
8
What is the hundreds digit of 7138038808?
8
What is the hundreds digit of 2601336107?
1
What is the ten millions digit of 13731123?
1
What is the hundreds digit of 4376561633?
6
What is the tens digit of 701718497?
9
What is the tens digit of 726198?
9
What is the tens digit of 10503976?
7
What is the ten thousands digit of 31411262?
1
What is the billions digit of 1657884518?
1
What is the hundred thousands digit of 84118571?
1
What is the hundreds digit of 252401001?
0
What is the hundred thousands digit of 163647346?
6
What is the ten thousands digit of 47625500?
2
What is the hundreds digit of 21349176?
1
What is the units digit of 55364655?
5
What is the millions digit of 3011031?
3
What is the ten millions digit of 140469224?
4
What is the ten millions digit of 106593648?
0
What is the hundred thousands digit of 26646674?
6
What is the tens digit of 76786496?
9
What is the thousands digit of 625658402?
8
What is the hundred thousands digit of 217088005?
0
What is the millions digit of 364683196?
4
What is the hundreds digit of 70240025?
0
What is the millions digit of 844895219?
4
What is the millions digit of 186593291?
6
What is the thousands digit of 1219892601?
2
What is the millions digit of 694675310?
4
What is the ten thousands digit of 101167858?
6
What is the hundred thousands digit of 3549452005?
4
What is the tens digit of 400382076?
7
What is the hundred thousands digit of 1920311413?
3
What is the hundred thousands digit of 1070127100?
1
What is the tens digit of 37405113?
1
What is the hundred millions digit of 133214536?
1
What is the millions digit of 50592698?
0
What is the millions digit of 225079336?
5
What is the units digit of 136184119?
9
What is the thousands digit of 2610827840?
7
What is the hundred thousands digit of 53408367?
4
What is the thousands digit of 205236429?
6
What is the thousands digit of 53401224?
1
What is the units digit of 122952095?
5
What is the thousands digit of 160699511?
9
What is the thousands digit of 1169680755?
0
What is the hundred millions digit of 2744848697?
7
What is the ten thousands digit of 79697729?
9
What is the hundred thousands digit of 1287151498?
1
What is the thousands digit of 266760625?
0
What is the hundreds digit of 386344186?
1
What is the millions digit of 1019841083?
9
What is the ten thousands digit of 29531990?
3
What is the tens digit of 1971895352?
5
What is the hundred millions digit of 5312855365?
3
What is the ten millions digit of 299253615?
9
What is the ten thousands digit of 26695113?
9
What is the hundreds digit of 6593996237?
2
What is the ten millions digit of 6215431199?
1
What is the ten thousands digit of 508143443?
4
What is the hundred millions digit of 1164795513?
1
What is the ten thousands digit of 172424133?
2
What is the thousands digit of 4189844308?
4
What is the tens digit of 1297176524?
2
What is the hundreds digit of 1606433?
4
What is the ten thousands digit of 62845276?
4
What is the tens digit of 175870270?
7
What is the tens digit of 1983621405?
0
What is the ten millions digit of 226399617?
2
What is the thousands digit of 8742551?
2
What is the hundreds digit of 43914099?
0
What is the hundreds digit of 3340524435?
4
What is the thousands digit of 16091328?
1
What is the tens digit of 72812987?
8
What is the millions digit of 2396824?
2
What is the hundreds digit of 393212324?
3
What is the units digit of 1098190185?
5
What is the